Bel Air, Maryland - USA


Monthly Summary


                  MONTHLY CLIMATOLOGICAL SUMMARY FOR 2/2024
                                        HEAT  COOL        
     MEAN                               DEG   DEG       WIND SPEED       DOM MEAN  MEAN
DAY  TEMP  HIGH   TIME     LOW   TIME   DAYS  DAYS RAIN AVG  HI  TIME    DIR BAROM HUM
---------------------------------------------------------------------------------------
1    39.8  51.5   2:53pm  29.9   3:20am   20    0  0.00   1  10   1:11pm   S 29.94   83
2    41.6  45.1   3:22pm  38.2  11:52pm   18    0  0.10   2  16  12:00pm   N 29.86   82
3    38.3  46.2   3:29pm  31.7   5:33am   22    0  0.00   2  12  11:14am   N 30.01   67
4    38.7  50.2   3:07pm  30.9   5:02am   21    0  0.00   1   9   8:54am NNE 29.95   62
5    37.3  45.1   2:48pm  31.6   6:56am   23    0  0.00   2  12   2:35pm   N 29.90   67
6    34.3  41.4   3:17pm  28.3   7:31am   26    0  0.00   2  16   9:20am NNE 30.11   62
7    37.1  49.4   3:40pm  28.1   7:05am   23    0  0.00   1  10  12:41pm NNE 30.24   62
8    41.3  51.9  12:21pm  30.7   7:19am   19    0  0.00   2  12   1:49pm   S 30.23   65
9    44.7  55.3   3:48pm  36.7   8:03am   15    0  0.00   2  10  10:04am   S 30.02   78
10   48.1  56.0   2:04pm  40.4   4:24am   12    0  0.00   1   9   3:28pm SSE 29.83   83
11   50.0  54.6   1:19am  44.8  11:23pm   10    0  0.00   1   9  12:37pm NNE 29.86   75
12   44.4  48.9  12:54pm  40.2  11:59pm   16    0  0.11   1  11  11:46pm SSE 29.80   83
13   37.4  43.0   3:58pm  32.2   7:34am   22    0  0.75   3  20   4:09am   N 29.62   84
14   34.8  39.9   2:57pm  28.9  11:38pm   25    0  0.00   2  18  10:07am NNW 30.05   59
15   32.7  40.2   4:41pm  22.3   7:19am   27    0  0.00   2  19   2:57pm SSW 30.03   72
16   39.7  45.6   3:31pm  33.2  12:00am   20    0  0.00   2  16   1:39am  NW 29.89   53
17   31.5  37.6  12:00am  24.3  11:51pm   28    0  0.13   2  17  10:22am NNW 29.81   74
18   32.8  44.8   3:24pm  21.3   3:32am   27    0  0.01   3  17  11:45am   W 29.88   56
19   36.0  45.2   3:30pm  27.4   5:36am   24    0  0.00   1  14  11:08am NNE 30.13   59
20   34.0  43.9   3:33pm  25.4   7:15am   26    0  0.00   2  12  11:52am SSE 30.37   65
21   33.8  42.8   2:17pm  25.2   6:55am   26    0  0.00   2  12  12:35pm   E 30.33   75
22   36.1  43.7   3:05pm  27.7   6:08am   24    0  0.23   2  16  11:29am SSE 29.90   90
23   41.6  46.7   4:18pm  37.8   5:44am   18    0  0.01   1  11   1:01pm   N 29.47   92
24   38.7  43.6  12:35pm  28.4  11:55pm   21    0  0.04   3  15   3:00pm NNE 29.69   73
25   32.0  42.1   2:50pm  20.6   6:52am   28    0  0.00   2  13   4:02pm SSW 30.07   61
26   35.7  46.7   9:56am  33.3   2:39am   10    0  0.00   2   8  12:05am SSW 30.00   81
---------------------------------------------------------------------------------------
TOT  38.2  56.0  2/10/24  20.6  2/25/24  553    0  1.38   2  20  2/13/24 NNE 29.96   71

HEAT BASE: 60.0
COOL BASE: 60.0


Year-to-Date


                  YEARLY CLIMATOLOGICAL SUMMARY FOR 2024
                                        HEAT  COOL        
     MEAN                               DEG   DEG       WIND SPEED       DOM MEAN  MEAN
MON  TEMP  HIGH   DATE     LOW   DATE   DAYS  DAYS RAIN AVG  HI  DATE    DIR BAROM HUM
---------------------------------------------------------------------------------------
1    35.3  60.4  1/25/24   7.3  1/17/24  766    0  5.74   2  33   1/9/24   N 30.00   79
2    38.2  56.0  2/10/24  20.6  2/25/24  553    0  1.38   2  20  2/13/24 NNE 29.96   71
---------------------------------------------------------------------------------------
TOT  36.6  60.4  1/25/24   7.3  1/17/24 1319    0  7.11   2  33   1/9/24 NNE 29.98   76

HEAT BASE: 60.0
COOL BASE: 60.0


Data provided from:  Mark Hofmann's Bel Air, MD Weather Station