Bel Air, Maryland - USA


Monthly Summary


                  MONTHLY CLIMATOLOGICAL SUMMARY FOR 6/2024
                                        HEAT  COOL        
     MEAN                               DEG   DEG       WIND SPEED       DOM MEAN  MEAN
DAY  TEMP  HIGH   TIME     LOW   TIME   DAYS  DAYS RAIN AVG  HI  TIME    DIR BAROM HUM
---------------------------------------------------------------------------------------
1    68.9  83.5   3:21pm  55.3   5:44am    1   10  0.00   1  10   3:59pm   E 30.13   56
2    69.3  80.8   2:26pm  59.3   4:25am    0    9  0.00   1  10  10:20am   S 29.99   75
3    74.8  84.9   2:07pm  65.6   5:49am    0   15  0.00   1  10  10:02am   E 29.88   75
4    74.6  84.5   1:39pm  65.5   5:02am    0   15  0.00   2  14   1:55pm   E 29.91   76
5    70.5  77.4   4:00pm  65.9   4:32am    0   10  1.56   2  14   5:43pm   S 29.80   95
6    75.4  83.8   2:49pm  70.7   6:12am    0   15  0.01   1  10  10:29am SSW 29.54   90
7    73.7  82.3   3:09pm  61.9  11:59pm    0   14  0.00   1  15  12:53pm   E 29.60   65
8    70.4  81.5   3:20pm  57.8   2:30am    0   11  0.00   1  12  10:11am   E 29.75   64
9    70.8  79.8   3:26pm  63.9   2:30am    0   11  0.00   1  14   2:53pm   E 29.61   65
10   68.4  78.0   3:27pm  58.3   6:04am    0    8  0.00   1  13   2:08pm   E 29.66   65
11   64.5  71.9  11:56am  58.4   6:03am    0    5  0.00   1   9   4:58pm   E 29.87   77
12   67.8  79.8   3:51pm  54.0   6:17am    1    9  0.00   1  11  12:40pm   E 29.98   72
13   73.6  83.7   3:51pm  61.2   5:43am    0   14  0.00   2  16   1:14pm   S 29.94   81
14   75.8  85.1  12:37pm  66.1  11:56pm    0   16  0.01   2  14   6:51pm   S 29.83   82
15   71.7  82.0   3:30pm  62.3   6:07am    0   12  0.01   1  10   2:13pm   E 29.97   71
16   71.1  81.2   4:42pm  59.6   5:58am    0   11  0.00   1  11   5:14pm   E 30.13   66
17   67.7  69.3  12:00am  65.2   3:56am    0    1  0.00   1   6   2:22am   S 30.13   85
---------------------------------------------------------------------------------------
TOT  71.3  85.1  6/14/24  54.0  6/12/24    2  184  1.59   1  16  6/13/24   E 29.85   74

HEAT BASE: 60.0
COOL BASE: 60.0


Year-to-Date


                  YEARLY CLIMATOLOGICAL SUMMARY FOR 2024
                                        HEAT  COOL        
     MEAN                               DEG   DEG       WIND SPEED       DOM MEAN  MEAN
MON  TEMP  HIGH   DATE     LOW   DATE   DAYS  DAYS RAIN AVG  HI  DATE    DIR BAROM HUM
---------------------------------------------------------------------------------------
1    35.3  60.4  1/25/24   7.3  1/17/24  766    0  5.74   2  33   1/9/24   N 30.00   79
2    39.4  60.5  2/27/24  20.6  2/25/24  598    0  1.81   2  26  2/28/24 NNE 29.96   72
3    47.2  77.4  3/14/24  26.3   3/1/24  414   18  4.58   3  24  3/23/24   N 29.95   69
4    55.9  90.5  4/29/24  35.6  4/22/24  206   85  3.11   2  36  4/12/24   S 29.90   71
5    64.6  89.0   5/2/24  45.3  5/12/24   53  196  2.39   1  21  5/27/24   E 29.87   84
6    71.3  85.1  6/14/24  54.0  6/12/24    2  184  1.59   1  16  6/13/24   E 29.85   74
---------------------------------------------------------------------------------------
TOT  50.7  90.5  4/29/24   7.3  1/17/24 2040  483 19.21   2  36  4/12/24   E 29.93   75

HEAT BASE: 60.0
COOL BASE: 60.0


Data provided from:  Mark Hofmann's Bel Air, MD Weather Station